{"id":1834,"date":"2025-02-13T09:32:02","date_gmt":"2025-02-13T08:32:02","guid":{"rendered":"https:\/\/polygraphtest.es\/comprar-poligrafo-en-guatemala\/?page_id=1834"},"modified":"2025-02-13T09:45:41","modified_gmt":"2025-02-13T08:45:41","slug":"distribuidores-de-rubicon-en-guatemala","status":"publish","type":"page","link":"https:\/\/polygraphtest.es\/comprar-poligrafo-en-guatemala\/distribuidores-de-rubicon-en-guatemala\/","title":{"rendered":"Distribuidores de Rubic\u00f3n en Guatemala"},"content":{"rendered":"\t\t<div data-elementor-type=\"wp-page\" data-elementor-id=\"1834\" class=\"elementor elementor-1834\">\n\t\t\t\t\t\t<section class=\"elementor-section elementor-top-section elementor-element elementor-element-631c25c7 elementor-section-boxed elementor-section-height-default elementor-section-height-default\" data-id=\"631c25c7\" data-element_type=\"section\" data-e-type=\"section\" data-settings=\"{&quot;background_background&quot;:&quot;classic&quot;}\">\n\t\t\t\t\t\t<div class=\"elementor-container elementor-column-gap-default\">\n\t\t\t\t\t<div class=\"elementor-column elementor-col-100 elementor-top-column elementor-element elementor-element-252e428e\" data-id=\"252e428e\" data-element_type=\"column\" data-e-type=\"column\">\n\t\t\t<div class=\"elementor-widget-wrap elementor-element-populated\">\n\t\t\t\t\t\t<div class=\"elementor-element elementor-element-37b9adf3 elementor-widget elementor-widget-image\" data-id=\"37b9adf3\" data-element_type=\"widget\" data-e-type=\"widget\" data-widget_type=\"image.default\">\n\t\t\t\t<div class=\"elementor-widget-container\">\n\t\t\t\t\t\t\t\t\t\t\t\t\t\t\t<img decoding=\"async\" width=\"320\" height=\"80\" src=\"https:\/\/polygraphtest.es\/comprar-poligrafo-en-guatemala\/wp-content\/uploads\/2025\/02\/logo.png\" class=\"attachment-full size-full wp-image-1835\" alt=\"\" srcset=\"https:\/\/polygraphtest.es\/comprar-poligrafo-en-guatemala\/wp-content\/uploads\/2025\/02\/logo.png 320w, https:\/\/polygraphtest.es\/comprar-poligrafo-en-guatemala\/wp-content\/uploads\/2025\/02\/logo-300x75.png 300w\" sizes=\"(max-width: 320px) 100vw, 320px\" \/>\t\t\t\t\t\t\t\t\t\t\t\t\t\t\t<\/div>\n\t\t\t\t<\/div>\n\t\t\t\t<div class=\"elementor-element elementor-element-3f2be0b8 elementor-widget elementor-widget-heading\" data-id=\"3f2be0b8\" data-element_type=\"widget\" data-e-type=\"widget\" data-widget_type=\"heading.default\">\n\t\t\t\t<div class=\"elementor-widget-container\">\n\t\t\t\t\t<h3 class=\"elementor-heading-title elementor-size-default\">DESTRIBUIDORES DE POL\u00cdGRAFO RUBICON EN GUATEMALA<\/h3>\t\t\t\t<\/div>\n\t\t\t\t<\/div>\n\t\t\t\t<div class=\"elementor-element elementor-element-29af328d elementor-widget elementor-widget-heading\" data-id=\"29af328d\" data-element_type=\"widget\" data-e-type=\"widget\" data-widget_type=\"heading.default\">\n\t\t\t\t<div class=\"elementor-widget-container\">\n\t\t\t\t\t<h6 class=\"elementor-heading-title elementor-size-default\">Presentamos la lista de distribuidores de Pol\u00edgrafo Rubic\u00f3n en GUATEMALA. Proporcionamos los datos de contacto y su presencia f\u00edsica en el pa\u00eds. Los servicios principales de los distribuidores incluyen atenci\u00f3n al cliente, soporte y garant\u00eda.<\/h6>\t\t\t\t<\/div>\n\t\t\t\t<\/div>\n\t\t\t\t\t<\/div>\n\t\t<\/div>\n\t\t\t\t\t<\/div>\n\t\t<\/section>\n\t\t\t\t<section class=\"elementor-section elementor-top-section elementor-element elementor-element-54a50d84 elementor-section-boxed elementor-section-height-default elementor-section-height-default\" data-id=\"54a50d84\" data-element_type=\"section\" data-e-type=\"section\">\n\t\t\t\t\t\t<div class=\"elementor-container elementor-column-gap-default\">\n\t\t\t\t\t<div class=\"elementor-column elementor-col-100 elementor-top-column elementor-element elementor-element-7c4286b5\" data-id=\"7c4286b5\" data-element_type=\"column\" data-e-type=\"column\">\n\t\t\t<div class=\"elementor-widget-wrap elementor-element-populated\">\n\t\t\t\t\t\t<section class=\"elementor-section elementor-inner-section elementor-element elementor-element-4bd0947e elementor-section-content-middle elementor-section-boxed elementor-section-height-default elementor-section-height-default\" data-id=\"4bd0947e\" data-element_type=\"section\" data-e-type=\"section\" data-settings=\"{&quot;background_background&quot;:&quot;classic&quot;}\">\n\t\t\t\t\t\t<div class=\"elementor-container elementor-column-gap-wider\">\n\t\t\t\t\t<div class=\"elementor-column elementor-col-33 elementor-inner-column elementor-element elementor-element-536cbb1e\" data-id=\"536cbb1e\" data-element_type=\"column\" data-e-type=\"column\" data-settings=\"{&quot;background_background&quot;:&quot;classic&quot;}\">\n\t\t\t<div class=\"elementor-widget-wrap elementor-element-populated\">\n\t\t\t\t\t<div class=\"elementor-background-overlay\"><\/div>\n\t\t\t\t\t\t<div class=\"elementor-element elementor-element-2fa360a0 elementor-widget elementor-widget-image\" data-id=\"2fa360a0\" data-element_type=\"widget\" data-e-type=\"widget\" data-widget_type=\"image.default\">\n\t\t\t\t<div class=\"elementor-widget-container\">\n\t\t\t\t\t\t\t\t\t\t\t\t\t\t\t<img fetchpriority=\"high\" decoding=\"async\" width=\"400\" height=\"400\" src=\"https:\/\/polygraphtest.es\/comprar-poligrafo-en-guatemala\/wp-content\/uploads\/2025\/02\/logo-1.png\" class=\"attachment-full size-full wp-image-1852\" alt=\"\" srcset=\"https:\/\/polygraphtest.es\/comprar-poligrafo-en-guatemala\/wp-content\/uploads\/2025\/02\/logo-1.png 400w, https:\/\/polygraphtest.es\/comprar-poligrafo-en-guatemala\/wp-content\/uploads\/2025\/02\/logo-1-300x300.png 300w, https:\/\/polygraphtest.es\/comprar-poligrafo-en-guatemala\/wp-content\/uploads\/2025\/02\/logo-1-150x150.png 150w\" sizes=\"(max-width: 400px) 100vw, 400px\" \/>\t\t\t\t\t\t\t\t\t\t\t\t\t\t\t<\/div>\n\t\t\t\t<\/div>\n\t\t\t\t\t<\/div>\n\t\t<\/div>\n\t\t\t\t<div class=\"elementor-column elementor-col-33 elementor-inner-column elementor-element elementor-element-33337722\" data-id=\"33337722\" data-element_type=\"column\" data-e-type=\"column\" data-settings=\"{&quot;background_background&quot;:&quot;classic&quot;}\">\n\t\t\t<div class=\"elementor-widget-wrap elementor-element-populated\">\n\t\t\t\t\t<div class=\"elementor-background-overlay\"><\/div>\n\t\t\t\t\t\t<div class=\"elementor-element elementor-element-2c6187e7 elementor-widget elementor-widget-heading\" data-id=\"2c6187e7\" data-element_type=\"widget\" data-e-type=\"widget\" data-widget_type=\"heading.default\">\n\t\t\t\t<div class=\"elementor-widget-container\">\n\t\t\t\t\t<h6 class=\"elementor-heading-title elementor-size-default\">Veritas de Centroam\u00e9rica <\/h6>\t\t\t\t<\/div>\n\t\t\t\t<\/div>\n\t\t\t\t<div class=\"elementor-element elementor-element-7ccd0cd2 elementor-widget elementor-widget-heading\" data-id=\"7ccd0cd2\" data-element_type=\"widget\" data-e-type=\"widget\" data-widget_type=\"heading.default\">\n\t\t\t\t<div class=\"elementor-widget-container\">\n\t\t\t\t\t<p class=\"elementor-heading-title elementor-size-default\">Edificio Paladium, Zona 10, Guatemala City, Guatemala\n<\/p>\t\t\t\t<\/div>\n\t\t\t\t<\/div>\n\t\t\t\t\t<\/div>\n\t\t<\/div>\n\t\t\t\t<div class=\"elementor-column elementor-col-33 elementor-inner-column elementor-element elementor-element-4613baa\" data-id=\"4613baa\" data-element_type=\"column\" data-e-type=\"column\">\n\t\t\t<div class=\"elementor-widget-wrap elementor-element-populated\">\n\t\t\t\t\t\t<div class=\"elementor-element elementor-element-52da05dc elementor-align-justify elementor-widget__width-initial elementor-widget elementor-widget-button\" data-id=\"52da05dc\" data-element_type=\"widget\" data-e-type=\"widget\" data-widget_type=\"button.default\">\n\t\t\t\t<div class=\"elementor-widget-container\">\n\t\t\t\t\t\t\t\t\t<div class=\"elementor-button-wrapper\">\n\t\t\t\t\t<a class=\"elementor-button elementor-button-link elementor-size-xs elementor-animation-shrink\" href=\"https:\/\/wa.me\/+50258597001\">\n\t\t\t\t\t\t<span class=\"elementor-button-content-wrapper\">\n\t\t\t\t\t\t\t\t\t<span class=\"elementor-button-text\">WHATSAPP<\/span>\n\t\t\t\t\t<\/span>\n\t\t\t\t\t<\/a>\n\t\t\t\t<\/div>\n\t\t\t\t\t\t\t\t<\/div>\n\t\t\t\t<\/div>\n\t\t\t\t<div class=\"elementor-element elementor-element-5853f72e elementor-align-justify elementor-widget__width-initial elementor-widget elementor-widget-button\" data-id=\"5853f72e\" data-element_type=\"widget\" data-e-type=\"widget\" data-widget_type=\"button.default\">\n\t\t\t\t<div class=\"elementor-widget-container\">\n\t\t\t\t\t\t\t\t\t<div class=\"elementor-button-wrapper\">\n\t\t\t\t\t<a class=\"elementor-button elementor-button-link elementor-size-xs elementor-animation-shrink\" href=\"tel:++50258597001\" data-fancybox=\"\">\n\t\t\t\t\t\t<span class=\"elementor-button-content-wrapper\">\n\t\t\t\t\t\t\t\t\t<span class=\"elementor-button-text\">LLAMAR<\/span>\n\t\t\t\t\t<\/span>\n\t\t\t\t\t<\/a>\n\t\t\t\t<\/div>\n\t\t\t\t\t\t\t\t<\/div>\n\t\t\t\t<\/div>\n\t\t\t\t\t<\/div>\n\t\t<\/div>\n\t\t\t\t\t<\/div>\n\t\t<\/section>\n\t\t\t\t\t<\/div>\n\t\t<\/div>\n\t\t\t\t\t<\/div>\n\t\t<\/section>\n\t\t\t\t<\/div>\n\t\t","protected":false},"excerpt":{"rendered":"<p>DESTRIBUIDORES DE POL\u00cdGRAFO RUBICON EN GUATEMALA Presentamos la lista de distribuidores de Pol\u00edgrafo Rubic\u00f3n en GUATEMALA. Proporcionamos los datos de contacto y su presencia f\u00edsica en el pa\u00eds. Los servicios principales de los distribuidores incluyen atenci\u00f3n al cliente, soporte y garant\u00eda. Veritas de Centroam\u00e9rica Edificio Paladium, Zona 10, Guatemala City, Guatemala WHATSAPP LLAMAR<\/p>\n","protected":false},"author":1,"featured_media":0,"parent":0,"menu_order":0,"comment_status":"closed","ping_status":"closed","template":"elementor_canvas","meta":{"_kad_post_transparent":"default","_kad_post_title":"hide","_kad_post_layout":"fullwidth","_kad_post_sidebar_id":"","_kad_post_content_style":"unboxed","_kad_post_vertical_padding":"hide","_kad_post_feature":"hide","_kad_post_feature_position":"","_kad_post_header":false,"_kad_post_footer":false,"footnotes":""},"class_list":["post-1834","page","type-page","status-publish","hentry"],"yoast_head":"<!-- This site is optimized with the Yoast SEO plugin v21.5 - https:\/\/yoast.com\/wordpress\/plugins\/seo\/ -->\n<title>Distribuidores de Rubic\u00f3n en Guatemala - Poligrafo en Guatemala<\/title>\n<meta name=\"robots\" content=\"index, follow, max-snippet:-1, max-image-preview:large, max-video-preview:-1\" \/>\n<link rel=\"canonical\" href=\"https:\/\/polygraphtest.es\/comprar-poligrafo-en-guatemala\/distribuidores-de-rubicon-en-guatemala\/\" \/>\n<meta property=\"og:locale\" content=\"es_ES\" \/>\n<meta property=\"og:type\" content=\"article\" \/>\n<meta property=\"og:title\" content=\"Distribuidores de Rubic\u00f3n en Guatemala - Poligrafo en Guatemala\" \/>\n<meta property=\"og:description\" content=\"DESTRIBUIDORES DE POL\u00cdGRAFO RUBICON EN GUATEMALA Presentamos la lista de distribuidores de Pol\u00edgrafo Rubic\u00f3n en GUATEMALA. Proporcionamos los datos de contacto y su presencia f\u00edsica en el pa\u00eds. Los servicios principales de los distribuidores incluyen atenci\u00f3n al cliente, soporte y garant\u00eda. Veritas de Centroam\u00e9rica Edificio Paladium, Zona 10, Guatemala City, Guatemala WHATSAPP LLAMAR\" \/>\n<meta property=\"og:url\" content=\"https:\/\/polygraphtest.es\/comprar-poligrafo-en-guatemala\/distribuidores-de-rubicon-en-guatemala\/\" \/>\n<meta property=\"og:site_name\" content=\"Poligrafo en Guatemala\" \/>\n<meta property=\"article:modified_time\" content=\"2025-02-13T08:45:41+00:00\" \/>\n<meta property=\"og:image\" content=\"https:\/\/polygraphtest.es\/comprar-poligrafo-en-guatemala\/wp-content\/uploads\/2025\/02\/logo.png\" \/>\n<meta name=\"twitter:card\" content=\"summary_large_image\" \/>\n<meta name=\"twitter:label1\" content=\"Tiempo de lectura\" \/>\n\t<meta name=\"twitter:data1\" content=\"1 minuto\" \/>\n<script type=\"application\/ld+json\" class=\"yoast-schema-graph\">{\"@context\":\"https:\/\/schema.org\",\"@graph\":[{\"@type\":\"WebPage\",\"@id\":\"https:\/\/polygraphtest.es\/comprar-poligrafo-en-guatemala\/distribuidores-de-rubicon-en-guatemala\/\",\"url\":\"https:\/\/polygraphtest.es\/comprar-poligrafo-en-guatemala\/distribuidores-de-rubicon-en-guatemala\/\",\"name\":\"Distribuidores de Rubic\u00f3n en Guatemala - Poligrafo en Guatemala\",\"isPartOf\":{\"@id\":\"https:\/\/polygraphtest.es\/comprar-poligrafo-en-guatemala\/#website\"},\"datePublished\":\"2025-02-13T08:32:02+00:00\",\"dateModified\":\"2025-02-13T08:45:41+00:00\",\"breadcrumb\":{\"@id\":\"https:\/\/polygraphtest.es\/comprar-poligrafo-en-guatemala\/distribuidores-de-rubicon-en-guatemala\/#breadcrumb\"},\"inLanguage\":\"es\",\"potentialAction\":[{\"@type\":\"ReadAction\",\"target\":[\"https:\/\/polygraphtest.es\/comprar-poligrafo-en-guatemala\/distribuidores-de-rubicon-en-guatemala\/\"]}]},{\"@type\":\"BreadcrumbList\",\"@id\":\"https:\/\/polygraphtest.es\/comprar-poligrafo-en-guatemala\/distribuidores-de-rubicon-en-guatemala\/#breadcrumb\",\"itemListElement\":[{\"@type\":\"ListItem\",\"position\":1,\"name\":\"Portada\",\"item\":\"https:\/\/polygraphtest.es\/comprar-poligrafo-en-guatemala\/\"},{\"@type\":\"ListItem\",\"position\":2,\"name\":\"Distribuidores de Rubic\u00f3n en Guatemala\"}]},{\"@type\":\"WebSite\",\"@id\":\"https:\/\/polygraphtest.es\/comprar-poligrafo-en-guatemala\/#website\",\"url\":\"https:\/\/polygraphtest.es\/comprar-poligrafo-en-guatemala\/\",\"name\":\"Poligrafo en Guatemala\",\"description\":\"Venta equipos de pol\u00edgrafo en Guatemala\",\"publisher\":{\"@id\":\"https:\/\/polygraphtest.es\/comprar-poligrafo-en-guatemala\/#organization\"},\"potentialAction\":[{\"@type\":\"SearchAction\",\"target\":{\"@type\":\"EntryPoint\",\"urlTemplate\":\"https:\/\/polygraphtest.es\/comprar-poligrafo-en-guatemala\/?s={search_term_string}\"},\"query-input\":\"required name=search_term_string\"}],\"inLanguage\":\"es\"},{\"@type\":\"Organization\",\"@id\":\"https:\/\/polygraphtest.es\/comprar-poligrafo-en-guatemala\/#organization\",\"name\":\"Poligrafo en Guatemala\",\"url\":\"https:\/\/polygraphtest.es\/comprar-poligrafo-en-guatemala\/\",\"logo\":{\"@type\":\"ImageObject\",\"inLanguage\":\"es\",\"@id\":\"https:\/\/polygraphtest.es\/comprar-poligrafo-en-guatemala\/#\/schema\/logo\/image\/\",\"url\":\"https:\/\/polygraphtest.es\/comprar-poligrafo-en-guatemala\/wp-content\/uploads\/2023\/08\/case-pelican-p02m-en.jpg\",\"contentUrl\":\"https:\/\/polygraphtest.es\/comprar-poligrafo-en-guatemala\/wp-content\/uploads\/2023\/08\/case-pelican-p02m-en.jpg\",\"width\":1040,\"height\":780,\"caption\":\"Poligrafo en Guatemala\"},\"image\":{\"@id\":\"https:\/\/polygraphtest.es\/comprar-poligrafo-en-guatemala\/#\/schema\/logo\/image\/\"}}]}<\/script>\n<!-- \/ Yoast SEO plugin. -->","yoast_head_json":{"title":"Distribuidores de Rubic\u00f3n en Guatemala - Poligrafo en Guatemala","robots":{"index":"index","follow":"follow","max-snippet":"max-snippet:-1","max-image-preview":"max-image-preview:large","max-video-preview":"max-video-preview:-1"},"canonical":"https:\/\/polygraphtest.es\/comprar-poligrafo-en-guatemala\/distribuidores-de-rubicon-en-guatemala\/","og_locale":"es_ES","og_type":"article","og_title":"Distribuidores de Rubic\u00f3n en Guatemala - Poligrafo en Guatemala","og_description":"DESTRIBUIDORES DE POL\u00cdGRAFO RUBICON EN GUATEMALA Presentamos la lista de distribuidores de Pol\u00edgrafo Rubic\u00f3n en GUATEMALA. Proporcionamos los datos de contacto y su presencia f\u00edsica en el pa\u00eds. Los servicios principales de los distribuidores incluyen atenci\u00f3n al cliente, soporte y garant\u00eda. Veritas de Centroam\u00e9rica Edificio Paladium, Zona 10, Guatemala City, Guatemala WHATSAPP LLAMAR","og_url":"https:\/\/polygraphtest.es\/comprar-poligrafo-en-guatemala\/distribuidores-de-rubicon-en-guatemala\/","og_site_name":"Poligrafo en Guatemala","article_modified_time":"2025-02-13T08:45:41+00:00","og_image":[{"url":"https:\/\/polygraphtest.es\/comprar-poligrafo-en-guatemala\/wp-content\/uploads\/2025\/02\/logo.png"}],"twitter_card":"summary_large_image","twitter_misc":{"Tiempo de lectura":"1 minuto"},"schema":{"@context":"https:\/\/schema.org","@graph":[{"@type":"WebPage","@id":"https:\/\/polygraphtest.es\/comprar-poligrafo-en-guatemala\/distribuidores-de-rubicon-en-guatemala\/","url":"https:\/\/polygraphtest.es\/comprar-poligrafo-en-guatemala\/distribuidores-de-rubicon-en-guatemala\/","name":"Distribuidores de Rubic\u00f3n en Guatemala - Poligrafo en Guatemala","isPartOf":{"@id":"https:\/\/polygraphtest.es\/comprar-poligrafo-en-guatemala\/#website"},"datePublished":"2025-02-13T08:32:02+00:00","dateModified":"2025-02-13T08:45:41+00:00","breadcrumb":{"@id":"https:\/\/polygraphtest.es\/comprar-poligrafo-en-guatemala\/distribuidores-de-rubicon-en-guatemala\/#breadcrumb"},"inLanguage":"es","potentialAction":[{"@type":"ReadAction","target":["https:\/\/polygraphtest.es\/comprar-poligrafo-en-guatemala\/distribuidores-de-rubicon-en-guatemala\/"]}]},{"@type":"BreadcrumbList","@id":"https:\/\/polygraphtest.es\/comprar-poligrafo-en-guatemala\/distribuidores-de-rubicon-en-guatemala\/#breadcrumb","itemListElement":[{"@type":"ListItem","position":1,"name":"Portada","item":"https:\/\/polygraphtest.es\/comprar-poligrafo-en-guatemala\/"},{"@type":"ListItem","position":2,"name":"Distribuidores de Rubic\u00f3n en Guatemala"}]},{"@type":"WebSite","@id":"https:\/\/polygraphtest.es\/comprar-poligrafo-en-guatemala\/#website","url":"https:\/\/polygraphtest.es\/comprar-poligrafo-en-guatemala\/","name":"Poligrafo en Guatemala","description":"Venta equipos de pol\u00edgrafo en Guatemala","publisher":{"@id":"https:\/\/polygraphtest.es\/comprar-poligrafo-en-guatemala\/#organization"},"potentialAction":[{"@type":"SearchAction","target":{"@type":"EntryPoint","urlTemplate":"https:\/\/polygraphtest.es\/comprar-poligrafo-en-guatemala\/?s={search_term_string}"},"query-input":"required name=search_term_string"}],"inLanguage":"es"},{"@type":"Organization","@id":"https:\/\/polygraphtest.es\/comprar-poligrafo-en-guatemala\/#organization","name":"Poligrafo en Guatemala","url":"https:\/\/polygraphtest.es\/comprar-poligrafo-en-guatemala\/","logo":{"@type":"ImageObject","inLanguage":"es","@id":"https:\/\/polygraphtest.es\/comprar-poligrafo-en-guatemala\/#\/schema\/logo\/image\/","url":"https:\/\/polygraphtest.es\/comprar-poligrafo-en-guatemala\/wp-content\/uploads\/2023\/08\/case-pelican-p02m-en.jpg","contentUrl":"https:\/\/polygraphtest.es\/comprar-poligrafo-en-guatemala\/wp-content\/uploads\/2023\/08\/case-pelican-p02m-en.jpg","width":1040,"height":780,"caption":"Poligrafo en Guatemala"},"image":{"@id":"https:\/\/polygraphtest.es\/comprar-poligrafo-en-guatemala\/#\/schema\/logo\/image\/"}}]}},"_links":{"self":[{"href":"https:\/\/polygraphtest.es\/comprar-poligrafo-en-guatemala\/wp-json\/wp\/v2\/pages\/1834","targetHints":{"allow":["GET"]}}],"collection":[{"href":"https:\/\/polygraphtest.es\/comprar-poligrafo-en-guatemala\/wp-json\/wp\/v2\/pages"}],"about":[{"href":"https:\/\/polygraphtest.es\/comprar-poligrafo-en-guatemala\/wp-json\/wp\/v2\/types\/page"}],"author":[{"embeddable":true,"href":"https:\/\/polygraphtest.es\/comprar-poligrafo-en-guatemala\/wp-json\/wp\/v2\/users\/1"}],"replies":[{"embeddable":true,"href":"https:\/\/polygraphtest.es\/comprar-poligrafo-en-guatemala\/wp-json\/wp\/v2\/comments?post=1834"}],"version-history":[{"count":20,"href":"https:\/\/polygraphtest.es\/comprar-poligrafo-en-guatemala\/wp-json\/wp\/v2\/pages\/1834\/revisions"}],"predecessor-version":[{"id":1865,"href":"https:\/\/polygraphtest.es\/comprar-poligrafo-en-guatemala\/wp-json\/wp\/v2\/pages\/1834\/revisions\/1865"}],"wp:attachment":[{"href":"https:\/\/polygraphtest.es\/comprar-poligrafo-en-guatemala\/wp-json\/wp\/v2\/media?parent=1834"}],"curies":[{"name":"wp","href":"https:\/\/api.w.org\/{rel}","templated":true}]}}